 when 54508340 is divided by 2162?
2158
Calculate the remainder when 5160 is divided by 20.
0
What is the remainder when 8584148 is divided by 3149?
3123
Calculate the remainder when 51917919 is divided by 3783.
27
What is the remainder when 12574304 is divided by 838286?
14
What is the remainder when 1007457 is divided by 242?
11
What is the remainder when 1706742 is divided by 1213?
51
Calculate the remainder when 106596 is divided by 6300.
5796
Calculate the remainder when 13774 is divided by 471.
115
Calculate the remainder when 235179 is divided by 10677.
285
What is the remainder when 1403219 is divided by 219?
86
What is the remainder when 4147131 is divided by 138236?
51
What is the remainder when 31998449 is divided by 605?
604
What is the remainder when 3032 is divided by 1477?
78
What is the remainder when 491791 is divided by 793?
131
Calculate the remainder when 69092 is divided by 6901.
82
What is the remainder when 1692306 is divided by 1200?
306
Calculate the remainder when 2912105 is divided by 72802.
25
What is the remainder when 999405 is divided by 9?
0
Calculate the remainder when 213052 is divided by 3945.
22
What is the remainder when 921358 is divided by 51?
43
Calculate the remainder when 244966 is divided by 1047.
1015
Calculate the remainder when 43129113 is divided by 87.
81
What is the remainder when 3460639 is divided by 530?
269
What is the remainder when 171901895 is divided by 636?
635
Calculate the remainder when 8360763 is divided by 2285.
2233
What is the remainder when 47322139 is divided by 321?
319
Calculate the remainder when 598220 is divided by 1292.
24
What is the remainder when 126524951 is divided by 5751134?
3
Calculate the remainder when 1349206 is divided by 235.
71
Calculate the remainder when 754557 is divided by 2826.
15
Calculate the remainder when 7788915 is divided by 865432.
27
Calculate the remainder when 814637 is divided by 4956.
1853
Calculate the remainder when 433780964 is divided by 25.
14
Calculate the remainder when 106429015 is divided by 1201.
1199
Calculate the remainder when 24538257 is divided by 1066880.
17
Calculate the remainder when 4770183 is divided by 142.
119
What is the remainder when 1975429 is divided by 870?
529
What is the remainder when 18276883 is divided by 15?
13
Calculate the remainder when 95875880 is divided by 6722.
6716
Calculate the remainder when 894153 is divided by 2562.
15
Calculate the remainder when 44679390 is divided by 22339695.
0
Calculate the remainder when 85074309 is divided by 7734026.
23
Calculate the remainder when 24651 is divided by 645.
141
What is the remainder when 241382 is divided by 80450?
32
What is the remainder when 6144716 is divided by 7888?
7852
Calculate the remainder when 3125500 is divided by 1562549.
402
Calculate the remainder when 1075548195 is divided by 83.
82
Calculate the remainder when 6437 is divided by 2055.
272
Calculate the remainder when 445100 is divided by 222507.
86
Calculate the remainder when 1518151 is divided by 2387.
19
What is the remainder when 1805485 is divided by 2875?
2860
Calculate the remainder when 748291 is divided by 263.
56
What is the remainder when 7061156 is divided by 18152?
28
What is the remainder when 304793 is divided by 76181?
69
What is the remainder when 198882750 is divided by 1489?
1487
What is the remainder when 180815 is divided by 4016?
95
Calculate the remainder when 13201402 is divided by 2.
0
What is the remainder when 1866387 is divided by 4360?
307
Calculate the remainder when 34194 is divided by 15839.
2516
What is the remainder when 60114 is divided by 719?
437
Calculate the remainder when 1839249 is divided by 262749.
6
What is the remainder when 2301171 is divided by 3399?
48
What is the remainder when 40179714 is divided by 3107?
3097
Calculate the remainder when 5911791 is divided by 753.
741
Calculate the remainder when 28081082 is divided by 1560059.
20
Calculate the remainder when 3463565 is divided by 173178.
5
What is the remainder when 344609 is divided by 3105?
3059
Calculate the remainder when 332305 is divided by 48.
1
What is the remainder when 564085 is divided by 112806?
55
Calculate the remainder when 237770 is divided by 6260.
6150
Calculate the remainder when 67092 is divided by 3201.
3072
What is the remainder when 775997 is divided by 348?
305
What is the remainder when 4832776 is divided by 176?
168
What is the remainder when 330293 is divided by 13617?
3485
What is the remainder when 850452 is divided by 62?
60
What is the remainder when 2022904 is divided by 252775?
704
Calculate the remainder when 2326948 is divided by 18.
16
Calculate the remainder when 5344594 is divided by 108.
106
Calculate the remainder when 12964789 is divided by 12964772.
17
What is the remainder when 1471909 is divided by 3489?
3040
What is the remainder when 265167 is divided by 17578?
1497
Calculate the remainder when 80781 is divided by 27.
24
Calculate the remainder when 71116043 is divided by 6605.
8
What is the remainder when 100672442 is divided by 14?
10
Calculate the remainder when 4866454 is divided by 32.
22
What is the remainder when 1101523 is divided by 1253?
136
Calculate the remainder when 11324 is divided by 3774.
2
What is the remainder when 157951 is divided by 1317?
1228
What is the remainder when 107969 is divided by 400?
369
Calculate the remainder when 762873 is divided by 9.
6
Calculate the remainder when 17430 is divided by 7820.
1790
Calculate the remainder when 83333 is divided by 15.
8
What is the remainder when 16431770 is divided by 12601?
66
Calculate the remainder when 11201210 is divided by 36486.
8
Calculate the remainder when 14985352 is divided by 77.
74
What is the remainder when 1281646 is divided by 116513?
3
Calculate the remainder when 2764568 is divided by 8302.
2
What is the remainder when 160280 is divided by 25872?
5048
What is the remainder when 27898542 is divided by 26?
22
What is the remainder when 14118785 is divided by 1196?
5
What is the remainder when 131392 is divided by 42831?
2899
Calculate the remainder when 18635 is divided by 3693.
170
Calculate the remainder when 855398 is divided by 284905.
683
Calculate the remainder when 249019 is divided by 5413.
21
What is the remainder when 7547808 is divided by 233?
6
Calculate the remainder when 328765 is divided by 107559.
6088
Calculate the remainder when 8562991 is divided by 368.
367
What is the remainder when 46043 is divided by 45311?
732
Calculate the remainder when 117808862 is divided by 558.
554
Calculate the remainder when 3095021 is divided by 3120.
3101
Calculate the remainder when 66602492 is divided by 888033.
17
What is the remainder when 127287 is divided by 13?
4
What is the remainder when 6168401 is divided by 109?
91
What is the remainder when 144401 is divided by 293?
245
Calculate the remainder when 638442 is divided by 1376.
1354
What is the remainder when 333774 is divided by 2929?
2797
Calculate the remainder when 3447462 is divided by 1398.
1392
Calculate the remainder when 27190 is divided by 2841.
1621
What is the remainder when 3281383 is divided by 78128?
7
What is the remainder when 1251235 is divided by 112?
83
What is the remainder when 56644782 is divided by 98?
96
Calculate the remainder when 189921248 is divided by 25.
23
What is the remainder when 29031 is divided by 5653?
766
Calculate the remainder when 92660 is divided by 721.
372
Calculate the remainder when 10425815 is divided by 74.
29
Calculate the remainder when 21621017 is divided by 4.
1
Calculate the remainder when 4423783 is divided by 219.
202
Calculate the remainder when 421539 is divided by 1167.
252
What is the remainder when 15869517 is divided by 1529?
26
What is the remainder when 24418 is divided by 23810?
608
What is the remainder when 91391 is divided by 30315?
446
Calculate the remainder when 361449 is divided by 2426.
2401
Calculate the remainder when 686787600 is divided by 2311.
2309
Calculate the remainder when 291274 is divided by 58160.
474
What is the remainder when 81108394 is divided by 3980?
3954
Calculate the remainder when 12023 is divided by 5620.
783
Calculate the remainder when 26573881 is divided by 6518.
6513
What is the remainder when 